Suppose 2*b - 4*c - 48 = -0*b, 2*b + 2*c - 72 = 0. Let r be (-2)/(-8) - (-189)/12. What is the greatest common factor of r and b?
16
Suppose 0 = -3*h + 8*h - 80. Suppose 0 = 2*z + 5*t - 42, t - 6*t - 38 = -3*z. What is the highest common divisor of h and z?
16
Let q(b) = 31*b**2 - 4*b + 4. Let j be q(2). What is the greatest common divisor of 40 and j?
40
Let p(a) = 27*a**3 + 2*a**2 - 2*a + 1. Let i be p(1). Calculate the greatest common divisor of i and 308.
28
Let u = -15 + 65. What is the greatest common divisor of u and 25?
25
Suppose -c - 1 = -13. Let k = c - 0. Calculate the greatest common divisor of k and 96.
12
Let n be ((-16)/(-6))/(2/42). Let y be (-1)/2*2 + 3. Let l be -5*(6/15 - y). Calculate the highest common divisor of l and n.
8
Let v = -132 - -63. Let c = 124 + v. Calculate the highest common divisor of 22 and c.
11
Suppose 5*y + 5*f - 26 = 104, -38 = -2*y + 5*f. What is the greatest common divisor of y and 36?
12
Suppose -2*j + 956 = 272. Let f = 486 - j. Let m = 35 + -17. What is the highest common factor of m and f?
18
Let w(g) = -20*g + 4. Suppose -t - 9 = -3*o + 5*o, -29 = 2*o - 3*t. Let n be w(o). Let m be 100/6 + 4/(-6). What is the highest common divisor of m and n?
16
Let m = 104 + -68. What is the greatest common factor of m and 90?
18
Let t be 10/(-10)*4/1 - -46. Calculate the highest common factor of 84 and t.
42
Suppose -232 = 4*y - 5*m + 186, 0 = 3*y + 2*m + 325. Let d = -44 - y. What is the greatest common factor of 7 and d?
7
Let u be (56/(-6))/(24/(-180)). Calculate the greatest common factor of 7 and u.
7
Let q = 7 - 7. Suppose 3*y = -q*y + 3*t + 177, 2*t = y - 62. Calculate the highest common divisor of y and 8.
8
Let g(n) = 4*n + 1. Let i be g(-1). Let p = i - -15. Calculate the highest common divisor of 108 and p.
12
Suppose -2 = -2*v - 4*t - 0*t, 2*t = v + 11. Let q be (-2)/(-4) + v/(-2). Let b be (-160)/(-6) - 1/(-3). What is the highest common factor of q and b?
3
Let j(c) = -4*c - c**2 - 1 + 3*c**2 + 2 - 3*c**2. Let m be j(-3). Suppose -5*f = m*n + 16, n + 6 = -n - 2*f. What is the highest common factor of 8 and n?
1
Suppose w - 3 - 8 = 0. Calculate the highest common divisor of w and 121.
11
Let r = -6 - -7. Let a = 2 + r. Suppose -a*x - 2*g + 137 - 46 = 0, 3*x + 3*g = 87. What is the greatest common divisor of 3 and x?
3
Let z(a) = -a**2 - 11*a + 18. Let y be z(-12). Let n(i) = 3*i**2 + 5*i + 4. Let p be n(-5). Let m = p + -6. Calculate the highest common factor of y and m.
6
Suppose 18*z - 299 = -47. What is the highest common divisor of 154 and z?
14
Suppose 3*q + 9 + 6 = 0, -5*v = 2*q - 50. Let f = 181 - 97. Calculate the greatest common factor of v and f.
12
Let q = -21 + 23. Suppose 4*t - 6 = q*t. Calculate the highest common divisor of t and 2.
1
Let g be 3/(-1 - -4) - -7. Let w be (-14)/(-8) - (-2)/g. Suppose -3*t = -3*i + 27, 0 = -i - w*i + 5*t + 23. Calculate the greatest common divisor of 11 and i.
11
Suppose -o + 28 + 32 = -h, -4*h = -o + 60. What is the greatest common divisor of 24 and o?
12
Suppose 12 = 3*c - 5*c - 4*j, 4*c + 3*j - 1 = 0. What is the highest common factor of c and 16?
4
Suppose 0 = 2*r - 3*d - 25, r + 4*d = 6*r - 52. Suppose 3*g - 76 = 4*x - r*x, 4*g = -5*x + 96. Calculate the greatest common factor of x and 40.
8
Let d = 817 + -332. Suppose 3*l - 3*a = a + 340, 4*l = -a + d. What is the greatest common factor of l and 20?
20
Let c(r) = r**3 + 9*r**2 - 12*r - 5. Let a be c(-10). Calculate the greatest common factor of a and 135.
15
Suppose -6*p + 215 = -p. Let c = 11 - 7. Suppose -2*s - 3*s = -a - 40, 0 = -c*s + 3*a + p. What is the greatest common factor of s and 49?
7
Suppose -5*i - 7 = -4*z + 27, -1 = -z + 5*i. Suppose -y = -f - 87, -3*y + f = 5*f - 268. Calculate the greatest common factor of z and y.
11
Suppose 2*h = r - 16, -9 - 11 = 4*h. Let w = -1 + r. Let n be 5/((-32)/36 - -1). Calculate the highest common factor of w and n.
5
Suppose 3*v - 6*v + 235 = 4*d, 3*v = 3*d + 228. What is the greatest common divisor of 11 and v?
11
Let o = 27 - 19. Calculate the greatest common factor of 32 and o.
8
Let r = -16 - 6. Let y = -4 - r. Let c = 3 + 6. Calculate the highest common factor of y and c.
9
Suppose -n = 3*o - 161, o - 28 = n + 31. Suppose -r + 82 = 2*i, -3*r = -0*i + 2*i - 258. Suppose 4*v + 0*v = r. What is the highest common divisor of o and v?
11
Let t(k) = k + 4. Suppose 2*z - 6 + 0 = 0. Let m be t(z). Calculate the greatest common factor of 21 and m.
7
Suppose 0*c - 4*c = 0. Suppose 4*d - 250 - 98 = c. Suppose -5*f + d = -33. What is the highest common factor of 12 and f?
12
Let w = -4 - -6. Suppose 4*x + 5*p = 57, w*p + 51 = 2*x - 3*p. Calculate the highest common factor of 9 and x.
9
Let k be 530/12 + (-1)/6. What is the highest common divisor of k and 11?
11
Suppose 0 = -2*a + 2*u + 3*u + 25, -u - 1 = 0. Suppose -5*q = -0*w + 5*w - 50, q - 13 = -2*w. Let l = a - q. What is the greatest common factor of 27 and l?
3
Suppose 2*f = -2*f. Suppose f = 2*n - 245 - 27. Calculate the greatest common divisor of 17 and n.
17
Suppose 14*m = 25*m - 462. What is the greatest common factor of m and 70?
14
Suppose -2*z + 3 = -z. Suppose -z*o = -4*o. Let n be o - (-64)/(2/2). Calculate the highest common factor of 8 and n.
8
Let l be 1/(-6) - 57/(-18). Suppose x + 3*v - 21 = 0, 5*x = x - l*v + 66. What is the greatest common factor of 5 and x?
5
Let q(h) = h**3 + 5*h**2 - h + 5. Let a be q(-5). Suppose -p = -6*p + a. Let o be 3*-8*(1 - p). What is the highest common divisor of 6 and o?
6
Let r be 1*(29 + -2*3 + 2). Calculate the highest common divisor of r and 25.
25
Let q(r) = 6*r + 49. Let m be q(-6). What is the greatest common factor of 13 and m?
13
Suppose -3*f - 4 = -34. Suppose s + 15 = 4*s + 3*d, 2*d = -5*s + f. Suppose -3*g = -s - 30. Calculate the highest common divisor of 110 and g.
10
Let y(p) = 8*p. Let u be y(2). Let r = -2 + 7. Suppose r*x = x + u. What is the highest common factor of x and 20?
4
Suppose -22 = -f - 5*k, -k = -f - 2*k + 6. Suppose -f*s + 15 + 23 = 0. Calculate the highest common factor of 209 and s.
19
Suppose -37*o + 31*o + 6 = 0. What is the greatest common factor of o and 5?
1
Suppose -2 = 2*s, 2*s = 4*r + 7*s + 117. Let p = -18 - r. What is the greatest common divisor of 50 and p?
10
Suppose 505 - 65 = 4*m. What is the greatest common divisor of 165 and m?
55
Suppose -3*f - 861 = 201. Let v = -194 - f. Calculate the highest common divisor of v and 20.
20
Let z be (-13 + -2)*(-8)/5. Let t(p) = -2*p - 6. Let a be t(-6). What is the highest common factor of z and a?
6
Let h(u) = 3*u**2 - 10*u + 18. Let x be h(8). What is the greatest common factor of 10 and x?
10
Let p be (-1)/6 + (-46)/12. Let b be 0/(0 + p) - -110. Calculate the highest common divisor of 44 and b.
22
Suppose -3*k = -2*n - 0*k - 18, 0 = n - k + 7. Let s be 810/20*(-2)/n. What is the highest common factor of 27 and s?
27
Let l(a) = a**2 - a + 2. Let s be l(2). Suppose -s*k - t + 48 = -0*k, -5*k + 60 = t. Calculate the highest common divisor of 60 and k.
12
Let g = -4 + 12. Let y(v) = v**2 + 4*v - 4. Suppose -3*m = -u - 13, 0 = m + 4*m - 2*u - 20. Let j be y(m). What is the greatest common factor of j and g?
8
Suppose -x - 2*v = -21, 5*x - 20 = 3*v + 20. Calculate the highest common divisor of x and 11.
11
Let v(a) = 3 - 5*a + 6 - 3 - 4. Let u be v(-6). Let b(t) = t + 80. Let d be b(0). What is the greatest common factor of d and u?
16
Let v(m) = -7*m - 2. Let k be v(-1). Let c(u) = 3*u - 3. Let s be c(-5). Let y = -13 - s. What is the highest common divisor of y and k?
5
Let i(c) = -c**2 + 7*c + 5. Let r be i(6). What is the greatest common divisor of r and 22?
11
Suppose -10 - 10 = -2*y. Calculate the highest common factor of 110 and y.
10
Let c = 6 + -3. Let k be -2*(c*-1)/6. Let w(y) = 2*y**2 + 2*y + 1. Let l be w(-1). What is the greatest common divisor of l and k?
1
Suppose 2*t = 4*t - 342. Suppose -3*y + 6*y - 5*r = -14, y - 3*r + 10 = 0. Let w be -1*(-4 + y) + 17. Calculate the greatest common divisor of w and t.
19
Suppose f - 124 = 3*f. Let j(k) = 24*k + 4. Let g be j(-4). Let p = f - g. Calculate the greatest common factor of 10 and p.
10
Let l be (44/6)/(-2)*-3. Suppose -2 = s, -3*s = -5*j + 3 + 8. Calculate the greatest common divisor of l and j.
1
Suppos